{"id":127,"date":"2020-09-22T14:35:07","date_gmt":"2020-09-22T12:35:07","guid":{"rendered":"http:\/\/maisondelamusiquemarsilly.fr\/?page_id=127"},"modified":"2025-08-10T12:17:35","modified_gmt":"2025-08-10T10:17:35","slug":"catherine-picard","status":"publish","type":"page","link":"https:\/\/maisondelamusiquemarsilly.fr\/?page_id=127","title":{"rendered":"CATHERINE PICARD"},"content":{"rendered":"\n<figure class=\"wp-block-image\"><img fetchpriority=\"high\" decoding=\"async\" width=\"1024\" height=\"683\" src=\"http:\/\/maisondelamusiquemarsilly.fr\/wp-content\/uploads\/2020\/09\/46688940_2291680037729201_7503689963582521344_o-1-1024x683.jpg\" alt=\"\" class=\"wp-image-128\" srcset=\"https:\/\/maisondelamusiquemarsilly.fr\/wp-content\/uploads\/2020\/09\/46688940_2291680037729201_7503689963582521344_o-1-1024x683.jpg 1024w, https:\/\/maisondelamusiquemarsilly.fr\/wp-content\/uploads\/2020\/09\/46688940_2291680037729201_7503689963582521344_o-1-300x200.jpg 300w, https:\/\/maisondelamusiquemarsilly.fr\/wp-content\/uploads\/2020\/09\/46688940_2291680037729201_7503689963582521344_o-1-768x512.jpg 768w, https:\/\/maisondelamusiquemarsilly.fr\/wp-content\/uploads\/2020\/09\/46688940_2291680037729201_7503689963582521344_o-1.jpg 1728w\" sizes=\"(max-width: 1024px) 100vw, 1024px\" \/><\/figure>\n\n\n\n<p>Pianiste-arrangeur, chanteuse,\u00a0cr\u00e9ation, direction artistique et mise en sc\u00e8ne de spectacles vivants.<\/p>\n\n\n\n<p>Depuis toute petite, d\u00e8s l&rsquo;\u00e2ge de 4 ans, je pratique le piano en \u00e9cole priv\u00e9e et quelque temps au conservaoire de Poitiers. Plus tard j&rsquo;ai longtemps pratiqu\u00e9 le chant dans diff\u00e9rentes chorales. En 1985, je participe au Concours Musical de France \u00e0 Niort et gagne en cat\u00e9gorie Piano Virtuosit\u00e9 un deuxi\u00e8me accessit (premi\u00e8re nomm\u00e9e dans ma r\u00e9gion) D\u00e8s 1992, je cr\u00e9\u00e9 des spectacles pour enfant dans le cadre de l\u2019association de Parents d\u2019\u00e9l\u00e8ves de l\u2019\u00e9cole de Bascons (40), puis en 1997 anime un groupe d\u2019\u00e9veil musical (Club Sportif et Artistique de La D\u00e9fense) au CSAD La Rochelle. En 2015, j&rsquo;int\u00e8gre le Conservatoire de La Rochelle dans l&rsquo;atelier vocal chant Lyrique dans la classe de Fabrice Morin et chante dans le pupitre mezzo soprano dans le ch\u0153ur mixte pour adulte dirig\u00e9 par Nathalie Bourr\u00e9. En 2014 je cr\u00e9\u00e9 l\u2019association Les Brunes de la C\u00f4te qui deviendra en 2016, Desidela 17. Notre mission: cr\u00e9er des spectacle vivants. En 2020, nous d\u00e9cidons, avec les membres de l&rsquo;association, de cr\u00e9er la Maison de la musique Marsilly, dont je suis intervenante b\u00e9n\u00e9vole en chant et piano, tout en continuant de cr\u00e9er des spectacles, faire des animation en structures (EHPAD, \u00e9coles, cr\u00e8ches ou autres partenaires), des concerts&#8230; Je me suis form\u00e9e \u00e0 l&rsquo;\u00e9veil musical b\u00e9b\u00e9 et \u00e0 l&rsquo;\u00e9veil piano avec la m\u00e9thode M\u00e9lopie. En 2022, j&rsquo;ai repris la pr\u00e9sidence de La Mi Nieul musique avec mutualisation des moyens et comp\u00e9tences. Aujourd&rsquo;hui, les deux associations se sont regroup\u00e9es sous le terme Maison de la musique Marsily-Nieul-sur-mer, dont  Jean Marc Desbois est devenu le parrain en septembre 2024.<\/p>\n","protected":false},"excerpt":{"rendered":"<p>Pianiste-arrangeur, chanteuse,\u00a0cr\u00e9ation, direction artistique et mise en sc\u00e8ne de spectacles vivants. Depuis toute petite, d\u00e8s l&rsquo;\u00e2ge de 4 ans, je &hellip; <a href=\"https:\/\/maisondelamusiquemarsilly.fr\/?page_id=127\" class=\"more-link\"><span class=\"more-button\">Continue Reading<span class=\"screen-reader-text\">CATHERINE PICARD<\/span><\/span><\/a><\/p>\n","protected":false},"author":1,"featured_media":130,"parent":0,"menu_order":0,"comment_status":"closed","ping_status":"closed","template":"","meta":{"_monsterinsights_skip_tracking":false,"_monsterinsights_sitenote_active":false,"_monsterinsights_sitenote_note":"","_monsterinsights_sitenote_category":0,"footnotes":""},"class_list":["post-127","page","type-page","status-publish","has-post-thumbnail","hentry"],"aioseo_notices":[],"_links":{"self":[{"href":"https:\/\/maisondelamusiquemarsilly.fr\/index.php?rest_route=\/wp\/v2\/pages\/127","targetHints":{"allow":["GET"]}}],"collection":[{"href":"https:\/\/maisondelamusiquemarsilly.fr\/index.php?rest_route=\/wp\/v2\/pages"}],"about":[{"href":"https:\/\/maisondelamusiquemarsilly.fr\/index.php?rest_route=\/wp\/v2\/types\/page"}],"author":[{"embeddable":true,"href":"https:\/\/maisondelamusiquemarsilly.fr\/index.php?rest_route=\/wp\/v2\/users\/1"}],"replies":[{"embeddable":true,"href":"https:\/\/maisondelamusiquemarsilly.fr\/index.php?rest_route=%2Fwp%2Fv2%2Fcomments&post=127"}],"version-history":[{"count":4,"href":"https:\/\/maisondelamusiquemarsilly.fr\/index.php?rest_route=\/wp\/v2\/pages\/127\/revisions"}],"predecessor-version":[{"id":1188,"href":"https:\/\/maisondelamusiquemarsilly.fr\/index.php?rest_route=\/wp\/v2\/pages\/127\/revisions\/1188"}],"wp:featuredmedia":[{"embeddable":true,"href":"https:\/\/maisondelamusiquemarsilly.fr\/index.php?rest_route=\/wp\/v2\/media\/130"}],"wp:attachment":[{"href":"https:\/\/maisondelamusiquemarsilly.fr\/index.php?rest_route=%2Fwp%2Fv2%2Fmedia&parent=127"}],"curies":[{"name":"wp","href":"https:\/\/api.w.org\/{rel}","templated":true}]}}

<figure class="wp-block-image"><img fetchpriority="high" decoding="async" width="1024" height="683" src="http://maisondelamusiquemarsilly.fr/wp-content/uploads/2020/09/46688940_2291680037729201_7503689963582521344_o-1-1024x683.jpg" alt="" class="wp-image-128" srcset="https://maisondelamusiquemarsilly.fr/wp-content/uploads/2020/09/46688940_2291680037729201_7503689963582521344_o-1-1024x683.jpg 1024w, https://maisondelamusiquemarsilly.fr/wp-content/uploads/2020/09/46688940_2291680037729201_7503689963582521344_o-1-300x200.jpg 300w, https://maisondelamusiquemarsilly.fr/wp-content/uploads/2020/09/46688940_2291680037729201_7503689963582521344_o-1-768x512.jpg 768w, https://maisondelamusiquemarsilly.fr/wp-content/uploads/2020/09/46688940_2291680037729201_7503689963582521344_o-1.jpg 1728w" sizes="(max-width: 1024px) 100vw, 1024px" /></figure>



<p>Pianiste-arrangeur, chanteuse, création, direction artistique et mise en scène de spectacles vivants.</p>



<p>Depuis toute petite, dès l&rsquo;âge de 4 ans, je pratique le piano en école privée et quelque temps au conservaoire de Poitiers. Plus tard j&rsquo;ai longtemps pratiqué le chant dans différentes chorales. En 1985, je participe au Concours Musical de France à Niort et gagne en catégorie Piano Virtuosité un deuxième accessit (première nommée dans ma région) Dès 1992, je créé des spectacles pour enfant dans le cadre de l’association de Parents d’élèves de l’école de Bascons (40), puis en 1997 anime un groupe d’éveil musical (Club Sportif et Artistique de La Défense) au CSAD La Rochelle. En 2015, j&rsquo;intègre le Conservatoire de La Rochelle dans l&rsquo;atelier vocal chant Lyrique dans la classe de Fabrice Morin et chante dans le pupitre mezzo soprano dans le chœur mixte pour adulte dirigé par Nathalie Bourré. En 2014 je créé l’association Les Brunes de la Côte qui deviendra en 2016, Desidela 17. Notre mission: créer des spectacle vivants. En 2020, nous décidons, avec les membres de l&rsquo;association, de créer la Maison de la musique Marsilly, dont je suis intervenante bénévole en chant et piano, tout en continuant de créer des spectacles, faire des animation en structures (EHPAD, écoles, crèches ou autres partenaires), des concerts&#8230; Je me suis formée à l&rsquo;éveil musical bébé et à l&rsquo;éveil piano avec la méthode Mélopie. En 2022, j&rsquo;ai repris la présidence de La Mi Nieul musique avec mutualisation des moyens et compétences. Aujourd&rsquo;hui, les deux associations se sont regroupées sous le terme Maison de la musique Marsily-Nieul-sur-mer, dont  Jean Marc Desbois est devenu le parrain en septembre 2024.</p>

<p>Pianiste-arrangeur, chanteuse, création, direction artistique et mise en scène de spectacles vivants. Depuis toute petite, dès l&rsquo;âge de 4 ans, je &hellip; <a href="https://maisondelamusiquemarsilly.fr/?page_id=127" class="more-link"><span class="more-button">Continue Reading<span class="screen-reader-text">CATHERINE PICARD</span></span></a></p>
