{"id":641,"date":"2022-08-16T19:49:32","date_gmt":"2022-08-16T17:49:32","guid":{"rendered":"http:\/\/maisondelamusiquemarsilly.fr\/?page_id=641"},"modified":"2025-08-27T20:39:08","modified_gmt":"2025-08-27T18:39:08","slug":"ensemble-instrumental-et-vocal-desidela-17","status":"publish","type":"page","link":"https:\/\/maisondelamusiquemarsilly.fr\/?page_id=641","title":{"rendered":"ENSEMBLE INSTRUMENTAL ET VOCAL DESIDELA 17"},"content":{"rendered":"\t\t<div data-elementor-type=\"wp-page\" data-elementor-id=\"641\" class=\"elementor elementor-641\">\n\t\t\t\t\t\t<section class=\"elementor-section elementor-top-section elementor-element elementor-element-73a59eac elementor-section-boxed elementor-section-height-default elementor-section-height-default wpr-particle-no wpr-jarallax-no wpr-parallax-no wpr-sticky-section-no\" data-id=\"73a59eac\" data-element_type=\"section\">\n\t\t\t\t\t\t<div class=\"elementor-container elementor-column-gap-default\">\n\t\t\t\t\t<div class=\"elementor-column elementor-col-100 elementor-top-column elementor-element elementor-element-4ffe7e4f\" data-id=\"4ffe7e4f\" data-element_type=\"column\">\n\t\t\t<div class=\"elementor-widget-wrap elementor-element-populated\">\n\t\t\t\t\t\t<div class=\"elementor-element elementor-element-3099e7ec elementor-widget elementor-widget-text-editor\" data-id=\"3099e7ec\" data-element_type=\"widget\" data-widget_type=\"text-editor.default\">\n\t\t\t\t<div class=\"elementor-widget-container\">\n\t\t\t\t\t\t\t\t\t<p><\/p>\n<div class=\"wp-block-media-text alignwide is-stacked-on-mobile\" style=\"grid-template-columns: 35% auto;\">\n<figure class=\"wp-block-media-text__media\"><\/figure>\n<div class=\"wp-block-media-text__content\">\n<p><\/p>\n<\/div>\n<\/div>\n<p><!-- \/wp:media-text --><!-- wp:media-text {\"mediaPosition\":\"right\",\"mediaId\":646,\"mediaLink\":\"http:\/\/maisondelamusiquemarsilly.fr\/?attachment_id=646\",\"mediaType\":\"image\",\"mediaWidth\":35} --><\/p>\n<div class=\"wp-block-media-text alignwide has-media-on-the-right is-stacked-on-mobile\" style=\"grid-template-columns: auto 35%;\">\n<figure class=\"wp-block-media-text__media\"><img fetchpriority=\"high\" decoding=\"async\" width=\"497\" height=\"437\" class=\"wp-image-646\" src=\"http:\/\/maisondelamusiquemarsilly.fr\/wp-content\/uploads\/2022\/08\/Joe\u0308l.png\" alt=\"\" srcset=\"https:\/\/maisondelamusiquemarsilly.fr\/wp-content\/uploads\/2022\/08\/Joe\u0308l.png 497w, https:\/\/maisondelamusiquemarsilly.fr\/wp-content\/uploads\/2022\/08\/Joe\u0308l-300x264.png 300w\" sizes=\"(max-width: 497px) 100vw, 497px\" \/><\/figure>\n<div class=\"wp-block-media-text__content\">\n<p><!-- wp:paragraph {\"align\":\"center\",\"style\":{\"typography\":{\"fontSize\":35},\"color\":{\"text\":\"#e37806\"}}} --><\/p>\n<p class=\"has-text-align-center has-text-color\" style=\"font-size: 35px; color: #e37806;\"><span class=\"has-inline-color\" style=\"color: #67696a;\"><strong>JOEL LAMBERT<\/strong><\/span><\/p>\n<p><!-- \/wp:paragraph --><!-- wp:paragraph {\"align\":\"center\",\"style\":{\"typography\":{\"fontSize\":24},\"color\":{\"text\":\"#e6772d\"}}} --><\/p>\n<p class=\"has-text-align-center has-text-color\" style=\"font-size: 24px; color: #e6772d;\"><strong><span class=\"has-inline-color\" style=\"color: #656667;\">Percussionniste<\/span><\/strong><\/p>\n<p><!-- \/wp:paragraph --><!-- wp:paragraph {\"align\":\"center\"} --><\/p>\n<p class=\"has-text-align-center\"><em>\u00ab&nbsp;J\u2019ai d\u00e9but\u00e9 la batterie \u00e0 l\u2019\u00e2ge de 31 ans en r\u00e9gion parisienne et en parall\u00e8le ai suivi des cours de chants. J\u2019ai int\u00e9gr\u00e9 une chorale de 1997 \u00e0 2003.<\/em> \u00a7<em>Je du me s\u00e9parer de ma batterie \u00e0 l\u2019occasion d\u2019un d\u00e9placement professionnel \u00e0 La R\u00e9union. De retour en m\u00e9tropole en 2008, j\u2019ai fait l\u2019acquisition d\u2019un Cajon. J\u2019ai rejoins&nbsp; l\u2019association DESIDELA 17 en 2018.&nbsp;\u00bb<\/em><\/p>\n<p><!-- \/wp:paragraph --><\/p>\n<\/div>\n<\/div>\n<p><!-- \/wp:media-text --><!-- wp:media-text {\"mediaId\":647,\"mediaLink\":\"http:\/\/maisondelamusiquemarsilly.fr\/?attachment_id=647\",\"mediaType\":\"image\",\"mediaWidth\":35} --><\/p>\n<div class=\"wp-block-media-text alignwide is-stacked-on-mobile\" style=\"grid-template-columns: 35% auto;\">\n<figure class=\"wp-block-media-text__media\"><img decoding=\"async\" width=\"497\" height=\"441\" class=\"wp-image-647\" src=\"http:\/\/maisondelamusiquemarsilly.fr\/wp-content\/uploads\/2022\/08\/Cathy.png\" alt=\"\" srcset=\"https:\/\/maisondelamusiquemarsilly.fr\/wp-content\/uploads\/2022\/08\/Cathy.png 497w, https:\/\/maisondelamusiquemarsilly.fr\/wp-content\/uploads\/2022\/08\/Cathy-300x266.png 300w\" sizes=\"(max-width: 497px) 100vw, 497px\" \/><\/figure>\n<div class=\"wp-block-media-text__content\">\n<p><!-- wp:paragraph {\"align\":\"center\",\"style\":{\"typography\":{\"fontSize\":35},\"color\":{\"text\":\"#e37806\"}}} --><\/p>\n<p class=\"has-text-align-center has-text-color\" style=\"font-size: 35px; color: #e37806;\"><strong><span class=\"has-inline-color\" style=\"color: #6b6d6e;\">CATHY PICARD<\/span><\/strong><\/p>\n<p><!-- \/wp:paragraph --><!-- wp:paragraph {\"align\":\"center\",\"style\":{\"typography\":{\"fontSize\":24},\"color\":{\"text\":\"#e6772d\"}}} --><\/p>\n<p class=\"has-text-align-center has-text-color\" style=\"font-size: 24px; color: #e6772d;\"><strong><span class=\"has-inline-color\" style=\"color: #6c6f6f;\">Pianiste-arrangeur, chanteuse, auteur-compositeur, mise en sc\u00e8ne et direction artistique<\/span><\/strong><\/p>\n<p><!-- \/wp:paragraph --><!-- wp:paragraph {\"align\":\"center\"} --><\/p>\n<p class=\"has-text-align-center\"><em>Depuis mon plus jeune \u00e2ge j\u2019ai appris \u00e0 jouer du piano. Adolescente, j\u2019ai abandonn\u00e9 le classique pour mieux y revenir apr\u00e8s, en laissant place \u00e0 l\u2019improvisation.&nbsp; En 1984 j\u2019obtiens un 2\u00e8 accessit au Concours Musical de France en piano niveau virtuosit\u00e9&nbsp;. Pendant quelques ann\u00e9es, je prends des cours de chant lyrique&nbsp; avec un passage au conservatoire de La Rochelle dans la classe de Fabrice Maurin. J\u2019ai longtemps chant\u00e9 au sein de plusieurs chorales dont le Ch\u0153ur mixte d\u2019adultes du conservatoire de La Rochelle dirig\u00e9 par Nathalie Bourr\u00e9.<\/em> <em>Depuis 2014, j&rsquo;organise, mets en sc\u00e8ne des spectacles musicaux et cr\u00e9e des arrangements pour ces derniers et \u00e9galement pour d\u2019autres chanteurs. En 2020, j&rsquo;ai mont\u00e9 avec les musiciens b\u00e9n\u00e9voles de l&rsquo;association DESIDELA 17 la Maison de la musique \u00e0 Marsilly dont je suis pr\u00e9sidente et intervenante en piano et chant. Je me suis form\u00e9e \u00e0 l&rsquo;\u00e9veil musical et l&rsquo;\u00e9veil b\u00e9b\u00e9. En 2022, j&rsquo;ai pris la pr\u00e9sidence de La Mi Nieul musique avec laquelle nous avons mutualis\u00e9 moyens et comp\u00e9tences. En 2025 les deux associations se sont regroup\u00e9s sous le label Maison de la musique Marsilly-nieul-sur-mer parrain\u00e9 par Jean Marc Desbois.\u00bb&nbsp;<\/em><\/p>\n<p><!-- \/wp:paragraph --><\/p>\n<\/div>\n<\/div>\n<p><!-- \/wp:media-text --><\/p>\t\t\t\t\t\t\t\t<\/div>\n\t\t\t\t<\/div>\n\t\t\t\t\t<\/div>\n\t\t<\/div>\n\t\t\t\t\t<\/div>\n\t\t<\/section>\n\t\t\t\t<\/div>\n\t\t","protected":false},"excerpt":{"rendered":"<p>JOEL LAMBERT Percussionniste \u00ab&nbsp;J\u2019ai d\u00e9but\u00e9 la batterie \u00e0 l\u2019\u00e2ge de 31 ans en r\u00e9gion parisienne et en parall\u00e8le ai suivi &hellip; <a href=\"https:\/\/maisondelamusiquemarsilly.fr\/?page_id=641\" class=\"more-link\"><span class=\"more-button\">Continue Reading<span class=\"screen-reader-text\">ENSEMBLE INSTRUMENTAL ET VOCAL DESIDELA 17<\/span><\/span><\/a><\/p>\n","protected":false},"author":1,"featured_media":0,"parent":0,"menu_order":0,"comment_status":"closed","ping_status":"closed","template":"","meta":{"_monsterinsights_skip_tracking":false,"_monsterinsights_sitenote_active":false,"_monsterinsights_sitenote_note":"","_monsterinsights_sitenote_category":0,"footnotes":""},"class_list":["post-641","page","type-page","status-publish","hentry"],"aioseo_notices":[],"_links":{"self":[{"href":"https:\/\/maisondelamusiquemarsilly.fr\/index.php?rest_route=\/wp\/v2\/pages\/641","targetHints":{"allow":["GET"]}}],"collection":[{"href":"https:\/\/maisondelamusiquemarsilly.fr\/index.php?rest_route=\/wp\/v2\/pages"}],"about":[{"href":"https:\/\/maisondelamusiquemarsilly.fr\/index.php?rest_route=\/wp\/v2\/types\/page"}],"author":[{"embeddable":true,"href":"https:\/\/maisondelamusiquemarsilly.fr\/index.php?rest_route=\/wp\/v2\/users\/1"}],"replies":[{"embeddable":true,"href":"https:\/\/maisondelamusiquemarsilly.fr\/index.php?rest_route=%2Fwp%2Fv2%2Fcomments&post=641"}],"version-history":[{"count":12,"href":"https:\/\/maisondelamusiquemarsilly.fr\/index.php?rest_route=\/wp\/v2\/pages\/641\/revisions"}],"predecessor-version":[{"id":1273,"href":"https:\/\/maisondelamusiquemarsilly.fr\/index.php?rest_route=\/wp\/v2\/pages\/641\/revisions\/1273"}],"wp:attachment":[{"href":"https:\/\/maisondelamusiquemarsilly.fr\/index.php?rest_route=%2Fwp%2Fv2%2Fmedia&parent=641"}],"curies":[{"name":"wp","href":"https:\/\/api.w.org\/{rel}","templated":true}]}}

<div data-elementor-type="wp-page" data-elementor-id="641" class="elementor elementor-641">
						<section class="elementor-section elementor-top-section elementor-element elementor-element-73a59eac elementor-section-boxed elementor-section-height-default elementor-section-height-default wpr-particle-no wpr-jarallax-no wpr-parallax-no wpr-sticky-section-no" data-id="73a59eac" data-element_type="section">
						<div class="elementor-container elementor-column-gap-default">
					<div class="elementor-column elementor-col-100 elementor-top-column elementor-element elementor-element-4ffe7e4f" data-id="4ffe7e4f" data-element_type="column">
			<div class="elementor-widget-wrap elementor-element-populated">
						<div class="elementor-element elementor-element-3099e7ec elementor-widget elementor-widget-text-editor" data-id="3099e7ec" data-element_type="widget" data-widget_type="text-editor.default">
				<div class="elementor-widget-container">
									<p></p>
<div class="wp-block-media-text alignwide is-stacked-on-mobile" style="grid-template-columns: 35% auto;">
<figure class="wp-block-media-text__media"></figure>
<div class="wp-block-media-text__content">
<p></p>
</div>
</div>
<p><!-- /wp:media-text --><!-- wp:media-text {"mediaPosition":"right","mediaId":646,"mediaLink":"http://maisondelamusiquemarsilly.fr/?attachment_id=646","mediaType":"image","mediaWidth":35} --></p>
<div class="wp-block-media-text alignwide has-media-on-the-right is-stacked-on-mobile" style="grid-template-columns: auto 35%;">
<figure class="wp-block-media-text__media"><img fetchpriority="high" decoding="async" width="497" height="437" class="wp-image-646" src="http://maisondelamusiquemarsilly.fr/wp-content/uploads/2022/08/Joël.png" alt="" srcset="https://maisondelamusiquemarsilly.fr/wp-content/uploads/2022/08/Joël.png 497w, https://maisondelamusiquemarsilly.fr/wp-content/uploads/2022/08/Joël-300x264.png 300w" sizes="(max-width: 497px) 100vw, 497px" /></figure>
<div class="wp-block-media-text__content">
<p><!-- wp:paragraph {"align":"center","style":{"typography":{"fontSize":35},"color":{"text":"#e37806"}}} --></p>
<p class="has-text-align-center has-text-color" style="font-size: 35px; color: #e37806;"><span class="has-inline-color" style="color: #67696a;"><strong>JOEL LAMBERT</strong></span></p>
<p><!-- /wp:paragraph --><!-- wp:paragraph {"align":"center","style":{"typography":{"fontSize":24},"color":{"text":"#e6772d"}}} --></p>
<p class="has-text-align-center has-text-color" style="font-size: 24px; color: #e6772d;"><strong><span class="has-inline-color" style="color: #656667;">Percussionniste</span></strong></p>
<p><!-- /wp:paragraph --><!-- wp:paragraph {"align":"center"} --></p>
<p class="has-text-align-center"><em>«&nbsp;J’ai débuté la batterie à l’âge de 31 ans en région parisienne et en parallèle ai suivi des cours de chants. J’ai intégré une chorale de 1997 à 2003.</em> §<em>Je du me séparer de ma batterie à l’occasion d’un déplacement professionnel à La Réunion. De retour en métropole en 2008, j’ai fait l’acquisition d’un Cajon. J’ai rejoins&nbsp; l’association DESIDELA 17 en 2018.&nbsp;»</em></p>
<p><!-- /wp:paragraph --></p>
</div>
</div>
<p><!-- /wp:media-text --><!-- wp:media-text {"mediaId":647,"mediaLink":"http://maisondelamusiquemarsilly.fr/?attachment_id=647","mediaType":"image","mediaWidth":35} --></p>
<div class="wp-block-media-text alignwide is-stacked-on-mobile" style="grid-template-columns: 35% auto;">
<figure class="wp-block-media-text__media"><img decoding="async" width="497" height="441" class="wp-image-647" src="http://maisondelamusiquemarsilly.fr/wp-content/uploads/2022/08/Cathy.png" alt="" srcset="https://maisondelamusiquemarsilly.fr/wp-content/uploads/2022/08/Cathy.png 497w, https://maisondelamusiquemarsilly.fr/wp-content/uploads/2022/08/Cathy-300x266.png 300w" sizes="(max-width: 497px) 100vw, 497px" /></figure>
<div class="wp-block-media-text__content">
<p><!-- wp:paragraph {"align":"center","style":{"typography":{"fontSize":35},"color":{"text":"#e37806"}}} --></p>
<p class="has-text-align-center has-text-color" style="font-size: 35px; color: #e37806;"><strong><span class="has-inline-color" style="color: #6b6d6e;">CATHY PICARD</span></strong></p>
<p><!-- /wp:paragraph --><!-- wp:paragraph {"align":"center","style":{"typography":{"fontSize":24},"color":{"text":"#e6772d"}}} --></p>
<p class="has-text-align-center has-text-color" style="font-size: 24px; color: #e6772d;"><strong><span class="has-inline-color" style="color: #6c6f6f;">Pianiste-arrangeur, chanteuse, auteur-compositeur, mise en scène et direction artistique</span></strong></p>
<p><!-- /wp:paragraph --><!-- wp:paragraph {"align":"center"} --></p>
<p class="has-text-align-center"><em>Depuis mon plus jeune âge j’ai appris à jouer du piano. Adolescente, j’ai abandonné le classique pour mieux y revenir après, en laissant place à l’improvisation.&nbsp; En 1984 j’obtiens un 2è accessit au Concours Musical de France en piano niveau virtuosité&nbsp;. Pendant quelques années, je prends des cours de chant lyrique&nbsp; avec un passage au conservatoire de La Rochelle dans la classe de Fabrice Maurin. J’ai longtemps chanté au sein de plusieurs chorales dont le Chœur mixte d’adultes du conservatoire de La Rochelle dirigé par Nathalie Bourré.</em> <em>Depuis 2014, j&rsquo;organise, mets en scène des spectacles musicaux et crée des arrangements pour ces derniers et également pour d’autres chanteurs. En 2020, j&rsquo;ai monté avec les musiciens bénévoles de l&rsquo;association DESIDELA 17 la Maison de la musique à Marsilly dont je suis présidente et intervenante en piano et chant. Je me suis formée à l&rsquo;éveil musical et l&rsquo;éveil bébé. En 2022, j&rsquo;ai pris la présidence de La Mi Nieul musique avec laquelle nous avons mutualisé moyens et compétences. En 2025 les deux associations se sont regroupés sous le label Maison de la musique Marsilly-nieul-sur-mer parrainé par Jean Marc Desbois.»&nbsp;</em></p>
<p><!-- /wp:paragraph --></p>
</div>
</div>
<p><!-- /wp:media-text --></p>								</div>
				</div>
					</div>
		</div>
					</div>
		</section>
				</div>

<p>JOEL LAMBERT Percussionniste «&nbsp;J’ai débuté la batterie à l’âge de 31 ans en région parisienne et en parallèle ai suivi &hellip; <a href="https://maisondelamusiquemarsilly.fr/?page_id=641" class="more-link"><span class="more-button">Continue Reading<span class="screen-reader-text">ENSEMBLE INSTRUMENTAL ET VOCAL DESIDELA 17</span></span></a></p>
